*k - 38 - h = -5*a. What is the tens digit of k?
4
Let a(s) = 76*s**3 + 6*s**2 - 2*s + 7. Let b(z) = -151*z**3 - 13*z**2 + 4*z - 15. Let p(x) = -9*a(x) - 4*b(x). What is the units digit of p(-2)?
5
Let f be (-190)/(-4)*(-11 - -9). Let x = 184 - f. What is the hundreds digit of x?
2
Suppose 0 = -5*v - 742 - 243. Let s = v - -278. What is the tens digit of s?
8
Suppose -4 = -2*c - 5*q + 24, 4*c - 3*q - 4 = 0. Suppose 4*a = -4*s + 6*a + c, -s - 3*a + 8 = 0. Suppose 26 = d + s. What is the units digit of d?
4
What is the tens digit of 29709/6*-6*3/(-27) - -5?
0
What is the thousands digit of (-3 - -5 - 661)*(-5 - 27)?
1
Let q(t) be the first derivative of 9*t**2 - 27*t - 87. Let k be -1*(0 - 1 - 2). What is the tens digit of q(k)?
2
Let t be ((-106)/(-4))/((-98)/20 + 5). Suppose -t = -14*p - 41. Suppose -p - 256 = -8*z. What is the tens digit of z?
3
Let t(z) = 78*z - 22. Let i(o) = -3*o + 2. Let a(l) = -4*i(l) - t(l). What is the tens digit of a(-14)?
3
Suppose -4*h - 2690 = 5*r, 3*r - 3*h + 2029 - 388 = 0. Let w = r - -835. What is the hundreds digit of w?
2
Suppose 4*a + 5 = -15, -5*n = -a + 1860. Let h = -131 - n. What is the hundreds digit of h?
2
Let z(q) = -q**3 - 3*q**2 + 2*q + 2. Let l be z(-2). Let j(c) = -2*c**2 - 8*c + 24. Let a be j(l). Suppose a*n - 8*n = -400. What is the units digit of n?
0
Suppose 3*y - 64893 = 861. What is the ten thousands digit of y?
2
Suppose -2*q = -o + 470, o + o - 950 = -q. Suppose 0 = 8*m - 6*m + o. Let t = m + 375. What is the units digit of t?
8
Let k(h) = 386*h**2 + 16*h + 42. What is the thousands digit of k(-3)?
3
What is the units digit of (2/7)/(1666/(-686)) - (-2836352)/34?
2
Let k = 30820 - 1963. What is the hundreds digit of k?
8
Suppose 8924 = 3*l - 14044. Suppose 3*p = 15*p - l. What is the units digit of p?
8
Suppose o + 6 = 4*t - 2*t, 0 = -3*t. Let a be (-1 + 4)*4/o. What is the hundreds digit of (-5)/a*13/(91/322)?
1
Let y(u) = -u**2 - 13*u - 12. Suppose 11 + 19 = 3*l. Suppose -2*i - 26 = -l. What is the units digit of y(i)?
8
Suppose -4*s + 2*q - 3*q = 667, 2*s = 3*q - 351. Let c = 152 - s. What is the units digit of c?
0
Let x be 185 + 0*5/5. Let c = 491 - x. What is the tens digit of c?
0
Suppose 9 = 3*l, -l = -p + 3*p - 33. Suppose -6*j - p = -11*j. Suppose -v = 0, 4*z + 572 = 8*z + j*v. What is the units digit of z?
3
Let j(u) = 39*u**2 + 4*u - 38. What is the hundreds digit of j(-6)?
3
What is the units digit of ((-38)/(-10) + -4 + 1)/(18/56565)?
4
Let h be 9 + 0/3 + 5. Suppose j + 0*j - 2 = d, -3*d - j + h = 0. What is the tens digit of (-4 - -8) + d + 5?
1
Let p(z) be the third derivative of z**6/120 - z**5/60 - 5*z**4/8 + 15*z**3 + z**2 + 16*z. What is the tens digit of p(8)?
1
Let g be (25 - (0 - 3))*15/10. Suppose 40 = j + g, -4*y + 4*j = -112. What is the tens digit of y?
2
Let k = 31470 + -7087. What is the units digit of k?
3
Let o = -60 - -62. Suppose 18 - 24 = o*f. What is the units digit of (-435)/(-4) + f/(-12)?
9
Let m(g) = -11*g**3 - 1 - 4*g**2 - 6 + 10*g**3. Let k be m(-5). What is the units digit of (280/(-15))/((-4)/k)?
4
Suppose -2*j + 17843 = 3*n, -227*j - 17844 = -3*n - 230*j. What is the thousands digit of n?
5
Let f(l) = 16*l**3 - 24*l**2 + 9*l + 199. What is the hundreds digit of f(16)?
7
Let w(m) = m**2 - 17*m + 20. Let v be w(14). Let j = v + 26. What is the units digit of (-5)/(5/j)*1 - -135?
1
Let m(d) = 24 - 44*d + 17 + 50*d. Let w be m(-7). What is the hundreds digit of 89 + 17 + 4 + w?
1
Let a = -12585 - -23219. What is the tens digit of a?
3
Let y(l) = 237*l**2 - 241*l + 248. What is the units digit of y(18)?
8
Let b = -9 + 30. Let d = b + -101. Let j = 208 + d. What is the units digit of j?
8
Let c = 5763 + 24500. What is the units digit of c?
3
Let c = -361 + 1090. Suppose c = 5*k + 3*w, 3*k - 8*k - 2*w = -726. What is the hundreds digit of k?
1
Let n(p) = -p**2 - 5*p + 3. Let q be n(-3). Suppose 3*f = -4*i + 178, -q*f + 12*f - 3*i - 213 = 0. What is the units digit of f?
6
Let h = -2170 - -2621. What is the units digit of h?
1
Suppose -2*p + 73 = y + 80, 0 = 2*p - 4*y + 22. Let r(c) = 9*c**2 + 5. Let s(g) = -10*g**2 - g - 6. Let d(o) = 4*r(o) + 3*s(o). What is the units digit of d(p)?
7
Let j be (-1)/(2*1/(-8 - -2)). Suppose -3*h = v - 2722, 0 = -0*h - 4*h - j*v + 3636. What is the tens digit of h?
0
Suppose -5*x - 8*k = -6*k - 15926, 0 = -4*x - 3*k + 12745. What is the hundreds digit of x?
1
Let l(k) = 101*k**2 - 27*k - 128. What is the ten thousands digit of l(-15)?
2
Suppose 3*t = 4 + 47. Suppose 25 = -2*j + t. What is the units digit of 2185/69 - j/(-6)?
1
Let i(c) = -2*c**2 - 20*c - 17. Let y be i(-8). Suppose -6 = -13*r + y*r, -3*q + 3*r + 3693 = 0. What is the tens digit of q?
2
Let r(t) = 19780*t**2 - 2*t - 5. What is the tens digit of r(-1)?
7
Let m(x) = -6*x**3 + 8*x**2 + 14*x + 48. Let s be m(-6). Suppose 0 = -17*g - g + s. What is the units digit of g?
6
Suppose 0 = 2*j + d - 21270 + 593, 0 = -3*j + 4*d + 31032. What is the hundreds digit of j?
3
Let m(d) = d**3 + 9*d**2 - d - 5. Let w be m(-9). Let k be (3/3 + -3)*(-334)/w. Let o = k - 45. What is the units digit of o?
2
Let b = 1977 + -1975. Let m(w) be the second derivative of 23*w**5/20 - w**4/6 - w**3/6 - 2*w. What is the tens digit of m(b)?
7
Let k(p) = 30*p**2 + p - 1. Let r be k(-1). Suppose -33 = -4*x + 3*w, w - 2*w = 3*x - r. What is the units digit of 120 - ((-4 - x/(-3)) + 4)?
7
Suppose 19442 - 3771 = 2*k - 3*t, -2*k + 5*t = -15673. What is the tens digit of k?
3
Let j = 163 - 160. Suppose -3*u - 2*s = -517 - 249, j*u = 5*s + 752. What is the units digit of u?
4
Let z(u) = -u**3 - u**2 + 5*u + 2. Let h be z(-3). Suppose -j = -y + j + 39, -207 = -h*y - 2*j. Suppose 4*o = -y + 189. What is the tens digit of o?
3
Let q(c) = 4*c**3 - c. Let m be q(-1). Let z(j) = -6*j + 28. Let o be z(2). What is the units digit of (o/m)/(6/(-63))?
6
Let i(x) = x**2 - 10*x + 21. Let b be i(3). Suppose j = q + 1428, b*q + 5*q = -5*j + 7160. What is the tens digit of j?
3
What is the hundreds digit of 20/3*(-41895)/(-95)?
9
What is the hundreds digit of 65*(553 + -18) + -12?
7
Let n be -4 - 70/(-15)*-6. Let d be (n/4)/(-32) - (-647)/4. Suppose 0 = -5*w + 2*u - 5*u + 726, 5*u + d = w. What is the units digit of w?
7
Let a = 54978 - 11462. What is the ten thousands digit of a?
4
Let s = 9 - -185. Suppose -73*q + 71*q = -s. What is the units digit of q?
7
Suppose 4*l + 66 = 5*m, 3*m = 3*l + 18 + 30. Let c be 0*(10/7 - (-6)/l). Let z(s) = s + 177. What is the tens digit of z(c)?
7
Suppose -22*p + 25*p = 9. What is the units digit of -1 + (110 - 1) - p?
5
Let l(x) be the second derivative of x**6/90 + x**5/40 + x**4/4 + 31*x**3/6 + 17*x. Let a(r) be the second derivative of l(r). What is the units digit of a(4)?
2
Let w(o) = 3*o**2 - 4*o - 13. Let p be w(7). What is the units digit of 5/45 + (-1 - p/(-18))?
5
Suppose -5*d + 3938 = q - 2988, -4*d + 5*q = -5506. What is the tens digit of d?
8
Let s = 20 - 3. Suppose -6*m - s = 7. What is the units digit of (-166)/(-3)*(-6)/m?
3
Let b(t) = -12*t**3 + 17*t**2 + 93*t + 316. What is the units digit of b(-17)?
4
Let q = 148 + 6. Suppose -4*i = 136 + 56. What is the tens digit of (-4)/(i/q) - 1/(-6)?
1
Let z = -57862 + 104204. What is the thousands digit of z?
6
Suppose 9905 = 2*m - 5*t, 5*m - 35657 = 2*t - 10947. What is the thousands digit of m?
4
Let d(r) = r**3 + 6*r**2 - r + 10. Let m be d(-7). Suppose -o - 4 = 5*i - 16, i - 8 = -3*o. What is the tens digit of (o - m)*(-8 + 11)?
0
Let x be (-15)/(3 + (-189)/62). Let f = -142 + x. What is the units digit of f?
8
Let h(m) = 81*m + 236. What is the tens digit of h(19)?
7
Let i = -538 - -549. Suppose -1648 = -i*p + 2620. What is the hundreds digit of p?
3
Let q = 24814 - 13808. What is the tens digit of q?
0
Let h(s) = -39*s**3 - s**2 + s + 8. Let l be h(-4). Suppose 199*i = 190*i + l. What is the tens digit of i?
7
Let q = -180 + 185. Suppose 145 = q*a - 0. What is the units digit of a?
9
Let w(j) = 54*j**2 + 37*j - 31. What is the thousands digit of w(-7)?
2
Let u(v) = 27*v**2 + 112*v + 136. What is the units digit of u(-24)?
0
Let k(i) = -i**3 + 9*i**2 - 10. Let t be k(8). Let w be 3 - (4/18 - (-42)/t). Suppose v = -w*n - 2*v + 213, 5*v - 431 = -4*n. What is the hundreds digit of n?
1
Suppose 0 = -4*r + l